actor of 19474511 and 405550.
8111
What is the highest common factor of 2001 and 4004383191?
2001
What is the highest common factor of 476 and 1871972?
68
Calculate the highest common factor of 517451886 and 4599.
4599
Calculate the greatest common factor of 126976 and 3083136.
3968
Calculate the highest common divisor of 132906 and 190238.
2606
Calculate the greatest common factor of 149840 and 25950415.
9365
Calculate the highest common factor of 108320104 and 88.
8
Calculate the greatest common divisor of 96570 and 438635.
185
Calculate the greatest common divisor of 198 and 11403194.
22
Calculate the highest common divisor of 229643 and 4323.
131
Calculate the highest common factor of 3055403 and 388.
97
Calculate the highest common factor of 2736093 and 3.
3
Calculate the highest common divisor of 60568910 and 10.
10
Calculate the highest common divisor of 9065 and 289340.
185
Calculate the highest common divisor of 6253360 and 880.
80
What is the highest common factor of 5523471 and 1431?
27
What is the greatest common divisor of 2683358 and 6227?
479
Calculate the greatest common factor of 12 and 60257544.
12
Calculate the highest common factor of 156979172 and 84.
28
What is the highest common divisor of 2532689 and 8601?
47
What is the highest common factor of 5 and 663980330?
5
Calculate the highest common divisor of 16730 and 14428820.
70
What is the highest common divisor of 37275882 and 129054?
942
Calculate the greatest common divisor of 19995372 and 5642.
62
What is the highest common divisor of 593008 and 142?
2
Calculate the highest common factor of 34557588 and 4264.
2132
What is the greatest common factor of 10197 and 5124559?
1133
Calculate the highest common divisor of 14422 and 2240.
2
Calculate the highest common divisor of 10906920 and 5400.
1080
Calculate the greatest common factor of 51068 and 2108.
68
Calculate the greatest common factor of 3024 and 5425434.
378
Calculate the greatest common divisor of 10792950 and 36.
6
Calculate the greatest common divisor of 3686 and 7980.
38
Calculate the greatest common factor of 2272 and 11787988.
284
Calculate the highest common factor of 1715 and 2419165.
35
What is the greatest common divisor of 1149710436 and 567?
567
What is the greatest common divisor of 149868 and 4734504?
828
Calculate the greatest common factor of 9906 and 6034278.
762
What is the highest common divisor of 3000 and 25155480?
120
What is the highest common divisor of 4542182 and 9455?
1891
Calculate the highest common factor of 36814 and 4659301.
233
Calculate the greatest common factor of 42 and 524466330.
6
What is the greatest common divisor of 773 and 866725477?
773
Calculate the highest common factor of 946215 and 3680370.
5805
Calculate the greatest common factor of 110542515 and 3491.
3491
Calculate the greatest common divisor of 6 and 7852569.
3
Calculate the greatest common factor of 1458327 and 501969.
2379
What is the greatest common divisor of 8902982 and 6726?
2242
What is the greatest common divisor of 300375 and 669814?
89
Calculate the highest common divisor of 810 and 6762.
6
Calculate the highest common divisor of 57562944 and 192.
192
What is the highest common divisor of 100422 and 2660?
14
What is the highest common factor of 441 and 53783919?
441
Calculate the highest common factor of 165451 and 210327.
13
What is the highest common factor of 1088622 and 985?
197
What is the greatest common divisor of 567 and 1160217?
27
Calculate the greatest common divisor of 12141 and 46113.
57
Calculate the highest common factor of 1084294 and 3893.
17
What is the highest common factor of 45701017 and 183?
61
Calculate the greatest common divisor of 2482482 and 12604.
46
Calculate the highest common divisor of 835 and 7042724.
167
What is the greatest common factor of 198912 and 22089?
111
Calculate the highest common divisor of 1017 and 47551869.
1017
What is the greatest common factor of 2345425 and 800?
25
Calculate the greatest common divisor of 8652 and 18027266.
206
What is the highest common factor of 321347 and 40508?
247
What is the highest common divisor of 3386 and 63416394?
3386
What is the greatest common divisor of 64 and 155127600?
16
Calculate the highest common divisor of 46 and 65276921.
23
What is the greatest common divisor of 1677 and 53614249?
559
Calculate the greatest common factor of 1090863 and 3453406.
1987
What is the greatest common factor of 127167084 and 4455?
891
Calculate the highest common divisor of 101352 and 142472.
8
Calculate the highest common divisor of 8232535 and 1597.
1597
Calculate the greatest common factor of 14024753 and 611.
47
What is the highest common factor of 16686 and 746154?
18
Calculate the greatest common factor of 2054 and 997691.
79
Calculate the highest common divisor of 3045 and 43630326.
87
What is the greatest common factor of 272774 and 180557576?
9406
Calculate the highest common factor of 3049232425 and 25.
25
What is the highest common divisor of 809957 and 46493?
2447
What is the highest common divisor of 141794794 and 194?
194
Calculate the highest common factor of 180 and 182893455.
45
Calculate the highest common factor of 361708926 and 1164.
582
Calculate the greatest common divisor of 222699 and 187397.
19
Calculate the highest common factor of 15485 and 36732865.
815
Calculate the greatest common divisor of 12946474 and 3560.
178
Calculate the highest common factor of 748491 and 138.
3
Calculate the highest common divisor of 19190239 and 29767.
103
Calculate the highest common divisor of 7631990 and 1110.
370
Calculate the greatest common divisor of 4753 and 223783.
49
What is the greatest common factor of 216 and 34520264?
8
What is the greatest common divisor of 108511 and 1280037?
491
What is the greatest common factor of 2670998 and 237002?
1454
What is the greatest common factor of 301774 and 411424?
86
What is the greatest common factor of 562148 and 354316?
1252
What is the greatest common factor of 1685 and 637604?
337
What is the highest common factor of 2574 and 6608745?
1287
What is the highest common factor of 32 and 16365412?
4
What is the greatest common divisor of 443265 and 54375?
435
Calculate the greatest common factor of 792 and 36060.
12
What is the highest common factor of 36237 and 1784865?
771
What is the greatest common divisor of 1617596 and 16?
4
What is the greatest common factor of 996 and 533908788?
996
Calculate the highest common divisor of 810755297 and 439.
439
What is the greatest common divisor of 5823780 and 1218?
174
What is the highest common divisor of 2014 and 5637946?
38
Calculate the highest common divisor of 3136 and 483904.
64
Calculate the greatest common factor of 192 and 187195416.
24
What is the greatest common divisor of 1352513 and 15932?
569
Calculate the highest common factor of 900526662 and 84.
42
What is the greatest common factor of 26815203 and 5482?
2741
What is the highest common divisor of 15485 and 1640?
5
Calculate the highest common divisor of 7247 and 244789166.
7247
Calculate the greatest common factor of 93 and 229679.
31
What is the highest common factor of 1 and 340913?
1
Calculate the highest common divisor of 3604391 and 476.
119
What is the highest common divisor of 187841860 and 1420?
1420
What is the highest common divisor of 72904 and 14241516?
2804
Calculate the greatest common factor of 5537 and 39025.
7
What is the highest common divisor of 2 and 75019600?
2
Calculate the highest common divisor of 210613612 and 198.
22
Calculate the highest common factor of 373305 and 108046.
607
What is the highest common factor of 180005 and 2530615?
185
Calculate the greatest common factor of 10118095 and 390.
65
Calculate the greatest common factor of 13378201 and 1258.
629
Calculate the highest common divisor of 412029092 and 1137.
379
What is the highest common factor of 996943909 and 13?
13
What is the highest common divisor of 13884270 and 458?
458
Calculate the highest common factor of 4833 and 776681.
179
Calculate the greatest common factor of 62894 and 677261.
767
What is the greatest common factor of 22868741 and 98?
49
Calculate the greatest common divisor of 43413253 and 3484.
871
What is the highest common factor of 2164590 and 12930?
30
Wha